on divisor of 135 and f.
5
Let t be 24/(-3)*14/(-8). Let n(b) = -2*b**2 - 3*b + 4. Let o be n(-3). Let j be 5/25 + (-34)/o. What is the greatest common divisor of j and t?
7
Suppose 5*v = s - 17, 4*s = -s - 2*v + 4. Suppose 0 = -3*w + 88 + 23. Let k = w - s. Calculate the highest common factor of k and 7.
7
Suppose 3*k + 1 - 10 = 0. Calculate the highest common factor of k and 3.
3
Suppose 3*u + 196 = 4*l, 2*l - 2*u = -0*l + 98. Calculate the highest common divisor of 7 and l.
7
Let x(g) = 17*g + 4. Let u(w) = -w**3 - 6*w**2 - 3*w - 1. Let a be u(-6). Suppose a = 5*h - 3. Let n be x(h). Calculate the greatest common divisor of n and 8.
8
Let q(z) = -3*z**2 - 2*z + 2. Let y be q(-2). Let w be (-3)/y + (-78)/(-4). Calculate the greatest common divisor of w and 30.
10
Let c = 12 + 0. Calculate the greatest common factor of c and 3.
3
Let g = 55 - 42. Suppose 4*l = -o + 57, -4*l + 45 = 2*o - 17. What is the highest common factor of g and l?
13
Let p(m) = 10*m**2 + m + 1. Let w be p(-1). Suppose 6*g - w = g. Suppose g*t - 27 = -t. Calculate the greatest common divisor of t and 63.
9
Let d(z) = z**3 - 12*z**2 - 14*z + 17. Let o be d(13). What is the greatest common factor of o and 22?
2
Let v(s) be the first derivative of -s**2/2 - 2*s - 2. Let m be v(-4). Let x be 8/6*9/2. What is the highest common factor of m and x?
2
Let q = 4 + -4. Let l be (-7)/(-2)*(q - 4). Let k be -5*-1*l/(-2). Calculate the greatest common factor of 14 and k.
7
Let j be 11 - (3 - 0/(-5)). Calculate the greatest common divisor of j and 72.
8
Let x(h) = 5*h**2 - 7*h - 6. Let v be x(-4). Calculate the highest common factor of 51 and v.
51
Let u(r) be the first derivative of -1/2*r**2 + r + 3 + 5/3*r**3. Let a be u(1). What is the highest common divisor of a and 1?
1
Let h be (2 + 5/(-5))/(5/115). Let y(j) = 8*j**3 - 4*j + 3. Let v be y(3). Calculate the greatest common factor of h and v.
23
Let l(n) = n**3 - 6*n**2 - 7*n - 4. Let m be l(7). Suppose 2*q - 40 = 3*i, -4*q + 0*i + 60 = -i. Let u = m + q. What is the greatest common factor of 100 and u?
10
Let w be (-2212)/(-6) - 3/(-9). Calculate the greatest common factor of w and 41.
41
Suppose v - 45 = -4*k, -v = -0*k - k + 5. Suppose 5*o + p = 8, 2*o + 4 = -0*o - 4*p. Calculate the highest common factor of o and k.
2
Let c = -56 - -96. Let j = 24 + -8. What is the greatest common factor of c and j?
8
Let d be 1/2*126/1. Suppose 0*g - 27 = -3*p - g, 18 = 2*p + 5*g. Calculate the highest common factor of d and p.
9
Let o(a) = a**3 - 6*a**2 + 8*a + 6. Let q be o(4). Calculate the greatest common factor of q and 24.
6
Suppose -22 - 80 = -2*y. Let s be (22 - 1) + (-3 - 1). Calculate the greatest common divisor of s and y.
17
Let u be (-2)/(-4) - (-17)/2. Let m be 181/4 + 3/(-12). What is the greatest common factor of u and m?
9
Let n(t) = 16*t**2 + 2*t - 1. Let y be n(1). Calculate the greatest common factor of y and 17.
17
Let l(a) = -a**2 - 6*a - 6. Let w be l(-4). Let o be (3 + -15)*(0 - 1). Suppose 2 + o = r. Calculate the greatest common divisor of w and r.
2
Let r(g) = 2*g**2 + 3*g + 2. Let h be r(-3). Suppose -4 = -a + h. What is the greatest common divisor of a and 15?
15
Let z be (-27)/66*-130 + (-24)/132. Calculate the greatest common factor of z and 53.
53
Let q(z) = -2*z + 7. Let j be q(3). Let v = 15 - j. What is the greatest common factor of v and 56?
14
Suppose 0 = 2*o - 7*o + 15. Suppose 0*c - 363 = -o*c. Let a = c - 13. Calculate the highest common factor of a and 12.
12
Suppose -4*o = -33 - 27. Calculate the greatest common divisor of 30 and o.
15
Let m(w) = -5*w**2 + w - 5*w + 4*w**2. Let u be m(-4). Suppose r - 2*k - 20 = u, -17 = -r - 0*r - k. Calculate the highest common factor of r and 9.
9
Suppose h + 5*b = -8, 0 = -0*h + h - b - 10. Let d = 44 - 23. Calculate the highest common divisor of d and h.
7
Let q be 93 + (-2)/4*-6. Suppose 0 = -0*z + z, -s + q = 4*z. Calculate the highest common divisor of 12 and s.
12
Suppose 24 + 129 = 3*d. Suppose 0 = 3*g + 12 - 114. What is the highest common factor of g and d?
17
Suppose 32 = 3*t + 8. Let q = 2 + t. Suppose -7*u + 3*u + 40 = 0. Calculate the greatest common divisor of q and u.
10
Suppose 19*y = 25*y - 30. Calculate the highest common divisor of 55 and y.
5
Let p(v) = -3*v - 9. Let q be p(-9). Let a = -19 + 28. What is the highest common divisor of a and q?
9
Let m be (2/3)/(4/(-6)). Let l be 3 - (m - 0 - -2). Suppose -346 = -3*b + 4*j, -l*b + 4*j - j = -232. Calculate the greatest common factor of b and 10.
10
Suppose -j + 6*j = 25. Calculate the highest common factor of j and 35.
5
Let z be (-51)/(-15) + (-2)/5. Suppose -3 = -t - 2*p, -z*t - 3*p - 2 = -20. Let k be (-1)/(-3) + (-188)/(-3). What is the greatest common divisor of t and k?
9
Let m(l) = -l**2 + 8*l - 4. Suppose 6 + 12 = 3*p. Let o be m(p). Let f(s) = 3*s - 11. Let g be f(o). Calculate the greatest common divisor of 13 and g.
13
Suppose -27 = -6*y + 9. What is the highest common divisor of 4 and y?
2
Let r be (6/5)/(15/50). Suppose -6*i + 3*g = -i - 20, 0 = -4*i + r*g + 16. Suppose 3*f = 3*v, v - 17 = -i*f + 8. What is the highest common factor of f and 5?
5
Let b be 166/6 - (-3)/9. Calculate the highest common factor of 7 and b.
7
Let p(t) = 28*t**3 - t**2 + 2*t - 1. Let q be p(1). What is the greatest common factor of 4 and q?
4
Let b be (-1)/(2 + (-10)/4). Suppose -b*u = -6 + 2. Let r be u/(-5) + 27/5. Calculate the greatest common divisor of r and 25.
5
Let j = -48 + 84. Let q = 52 - j. Calculate the highest common factor of q and 48.
16
Suppose -q + 1 = 0, q = 4*z - 110 - 81. Suppose -20*c + 24*c - 48 = 0. Calculate the greatest common factor of z and c.
12
Let a be ((-16)/(-20))/(4/(-10)). Let w be a/((-1)/(-4)*-2). Suppose -4*y = -h - 47, 6 = y - w*h + 13. What is the highest common divisor of 91 and y?
13
Suppose 0*g - 3*g = 5*t - 27, 3*g - 2*t = 6. Let v = 4 - g. Suppose -q + 76 = 4*q - 4*h, 3*q - 2*h - 46 = v. What is the highest common divisor of 40 and q?
8
Let t(u) = 10*u + 2. Suppose -3*l + 3 = -3. Let s be t(l). Calculate the greatest common divisor of s and 154.
22
Suppose 8*o = 2*o + 960. Calculate the highest common divisor of o and 16.
16
Let p(l) = -l**3 - 6*l**2 + l + 32. Let q be p(-6). Suppose 0*g + 4*g - 520 = 0. What is the greatest common factor of g and q?
26
Suppose -2 = -b + 6. Calculate the greatest common factor of b and 20.
4
Suppose -2*y = y - 45. Suppose -38 = r + r. Let k = r + 34. Calculate the highest common factor of k and y.
15
Let y be (8/(-2))/(-1 - 0). Suppose -73 = -4*c + 83. Suppose 11 = j - 5*m, -4*j + 4*m + c = -85. Calculate the greatest common divisor of j and y.
4
Let c be (6/15)/((-1)/(-100)). Suppose -5*k + k = -4. Let o = k + 4. Calculate the highest common divisor of o and c.
5
Let r = -21 + 47. Suppose 6*d = -2*i + 3*d + 205, 0 = 5*i + 3*d - 517. Calculate the highest common divisor of i and r.
26
Let b = -176 + 246. Suppose -5*t = -0*t - 2*q - b, -5*q - 25 = 0. Calculate the greatest common divisor of t and 36.
12
Let f be 4 + (96 - 0/(-3)). What is the highest common factor of 20 and f?
20
Suppose l + 60 = 6*l. Calculate the highest common divisor of 4 and l.
4
Let j = 109 + -95. Calculate the greatest common factor of 2 and j.
2
Let z(r) = r**3 + 3*r**2 - 5*r - 3. Let f be z(-4). What is the highest common factor of 7 and f?
1
Let d be (10 + -1 + -1)*1. Calculate the highest common factor of 56 and d.
8
Let w be 19346/4 - (-1)/(-2). Let j be w/22 - 6/(-33). Calculate the highest common factor of j and 20.
20
Let o be (0 - 1)/(-1) - -16. Let c = o - 9. Calculate the highest common divisor of 1 and c.
1
Let r be (-3 - 1)/(-1 + -1). Suppose -96 = -r*t - y, -t - 3*t + 5*y + 178 = 0. Let h = t + -27. Calculate the greatest common divisor of h and 140.
20
Let d = 167 - 119. What is the greatest common divisor of 12 and d?
12
Suppose 0 = -5*a + 2*p - 4 + 28, 2*a - 4*p = 16. Calculate the greatest common divisor of a and 1.
1
Let w be 4/18 + (-5255)/(-45). Let l = -82 + w. Let b = l + -21. What is the highest common factor of b and 126?
14
Let z be 57 - (2 + -1)/1. Let m = -40 + 48. What is the highest common factor of z and m?
8
Let b(o) = -o - 38. Let l be b(0). Let a be (-6)/4 - l/4. Calculate the highest common divisor of 20 and a.
4
Suppo